 -35. Does 27 divide k?
True
Let p = -19 - -11. Let i be p/(-5) + 6/(-10). Suppose t + i - 13 = 0. Is t a multiple of 6?
True
Let u be 1/(((-2)/8)/(-1)). Suppose -4*k = 2*a - 4, 0 = -3*a + u*a + 5*k - 5. Suppose a*m - 4*m + 128 = 0. Is m a multiple of 14?
False
Let k(a) = -a**3 - 5*a**2 + 15*a + 11. Let l be k(-7). Suppose 0*b + 19 = b. Suppose l*y + b = 195. Is 15 a factor of y?
False
Let r(j) = -j**2 + 16. Let n be r(0). Suppose -n + 39 = u - 3*k, -5*u = -3*k - 91. Does 17 divide u?
True
Is (-3 + 2)*(-26 - 3) a multiple of 5?
False
Suppose 4*a = 3*n - 0*n + 17, -4*a + 18 = -2*n. Suppose -6*q + 105 = -3*q. Suppose -2*u - o = -0*o - 12, -a*o + q = 5*u. Does 3 divide u?
False
Let y(o) be the third derivative of o**7/840 + o**6/72 - o**5/12 - o**4/3 + o**3/6 + 3*o**2. Let r(n) be the first derivative of y(n). Is 16 a factor of r(-6)?
True
Suppose -60*x = -57*x - 294. Is x a multiple of 6?
False
Is 10 a factor of 7050/102 - 4/34?
False
Let j = 380 - 266. Is j a multiple of 19?
True
Let o = 158 - 99. Does 10 divide o?
False
Suppose -7 - 3 = -5*j. Is 7 a factor of (16/20 + j)*5?
True
Suppose x + 3*x + 12 = -2*y, -x - 4*y - 17 = 0. Let k = 21 + x. Does 7 divide k?
False
Let k(d) = -d**3 + 3*d**2 - 2*d. Let o be k(2). Suppose -x = -0*s - s + 7, 2*s + 3*x + 11 = o. Is s even?
True
Let g = -5 - -39. Let p = g - -29. Does 11 divide p?
False
Let k = -31 + 53. Is k a multiple of 18?
False
Let b = 229 - 130. Is 13 a factor of b?
False
Suppose 7 = -4*b + 91. Does 9 divide b?
False
Suppose 0 = -4*m + 5*g + 348, -4*m + 5*m - 4*g - 98 = 0. Is 21 a factor of m?
False
Let z = 0 - 1. Let n be 14/(2 - (z - -1)). Suppose -n*b + 2*b - 4*m = -48, 5*m + 6 = 2*b. Is 3 a factor of b?
False
Suppose -4*r + 4*j + 516 = 0, -3*j - 651 = -6*r + r. Does 22 divide r?
True
Let x be ((-10)/2)/1 + -1. Let m be (x/(-9) - 0)*-3. Is 5 a factor of (-28)/(-2) + (-2 - m)?
False
Let r = 7 + 2. Let t be 10/8 - (-1)/(-4). Suppose r = 2*x + t. Does 2 divide x?
True
Suppose -7*s + 4*g = -2*s - 106, -g - 87 = -4*s. Let k = 94 - s. Is k a multiple of 24?
True
Let c(u) = -u**3 - 5*u**2 + 7*u + 6. Let b be c(-7). Suppose b = 2*z + 3*z. Is 9 a factor of z?
False
Let m(a) be the first derivative of -3*a**2/2 + 6*a + 3. Is m(-9) a multiple of 16?
False
Suppose -3*i + 311 = 4*k, -4*k + 249 = -k - 3*i. Does 19 divide k?
False
Suppose 4*m = -m + 5. Let i = m - -11. Is 9 a factor of i?
False
Suppose -4*r + 88 = -3*n, 88 = 4*r + 2*n - 3*n. Does 8 divide r?
False
Suppose -11*t + 7*t = -240. Is 12 a factor of t?
True
Let v(s) be the third derivative of -s**4/24 + 13*s**3/6 - s**2. Let i be v(9). Suppose -m + 7 = -i. Is m a multiple of 11?
True
Let n be 32/5 + (-4)/10. Let i be ((-4)/n)/2*-9. Suppose 6*m - 18 = i*m. Is m a multiple of 3?
True
Let c(o) = 2*o**2 + 4*o + 4. Let q(p) = -p**3 + 5*p**2 - 5. Let a be q(5). Let x be c(a). Suppose x = 2*w - 2*t, 17 = 5*w - 2*t - 53. Does 12 divide w?
True
Let w(g) = -g**3 - 4*g**2 - 3*g - 6. Let b be w(-4). Suppose b*c - 20 = c. Is 11 a factor of (6/c)/((-1)/(-18))?
False
Let f = -2 - -5. Suppose s - 16 = -f*s. Suppose -s*t = 5*j - 96, -t + 7 = 3*j - 52. Does 20 divide j?
True
Let x = -11 - -15. Suppose x*h - 429 + 85 = 0. Is h a multiple of 26?
False
Let x be -2 + (-3)/((-9)/(-6)). Let j = 9 + x. Suppose -3*a - f = -90, -157 = -j*a - 4*f - 7. Does 15 divide a?
True
Suppose -4*k - 8 = 8. Let c = 6 + k. Is 18 a factor of 0 + -2 + c + 36?
True
Suppose 0 = l - 6*l + 40. Does 8 divide l?
True
Let h(r) = 24*r**2. Let f be (2/3)/2*3. Let z = -2 + f. Is h(z) a multiple of 8?
True
Let a(x) = -9*x**3 + 2*x**2 + 2*x + 1. Is a(-1) a multiple of 2?
True
Suppose -3*f - 9 = -0*f - 3*v, 6 = -2*v. Let l(m) = m**2 + 3*m - 8. Does 8 divide l(f)?
False
Let r(m) = m**2 + 26. Let z be r(0). Suppose z = 2*w - 52. Does 13 divide w?
True
Let t(n) = 2*n**2 + 2*n + 1 + 0 + 0*n**2 - 5. Does 20 divide t(-4)?
True
Let c = 4 + -3. Suppose -3*z + 10 = c. Is 3 a factor of z?
True
Let o(g) = -10*g - 2. Let z(x) = -x - 1. Let i(p) = -o(p) + 6*z(p). Suppose 5*r = d + 12 + 10, 4*r + 4*d - 8 = 0. Is 12 a factor of i(r)?
True
Let o(g) = 19*g**3 + g**2. Let b be (-7)/(-6) - 2/12. Is 19 a factor of o(b)?
False
Let k = -18 - -48. Is k a multiple of 15?
True
Suppose -2*c = -246 + 758. Let h = -169 - c. Suppose 0 = -2*x - 4*z + 24, -x - 5*z - h = -5*x. Is 8 a factor of x?
False
Let y(n) = 2*n**3 - n**2 - n + 52. Is 26 a factor of y(0)?
True
Let t(c) = -2*c**2 - c + 18. Does 9 divide t(0)?
True
Let j = 49 - 3. Is 2 a factor of j?
True
Let y(p) = -p**3 + p**2 + p + 69. Suppose 0 = -2*a + b - 1, -3 = -3*a + 3*b - 6. Does 23 divide y(a)?
True
Let b(z) = 0*z - 4*z**3 + z + 2*z**2 + 2 + 3*z**3. Let y be b(-2). Suppose v - y = 1. Does 17 divide v?
True
Suppose -b + 54 = 6. Is b a multiple of 8?
True
Let v = 1 - 0. Let k = v - 2. Is 6 a factor of k/((-1)/10) + 2?
True
Suppose 2*j = -3*q + 8, -1 + 21 = 5*j + 4*q. Let h be j/(-6) + (-2)/6. Does 17 divide ((-170)/15)/(h/3)?
True
Let a be 2*1 - (0 - -2). Does 7 divide ((-14)/(-6) + a)*9?
True
Let a(o) = 2*o**2 + o - 4. Let u be a(-3). Suppose 0 = -3*l - 2*k + u, -3 = 2*l - 3*k - 19. Is 3 a factor of l?
False
Suppose 0 = -q - 4*d + 39, 3*d - 5*d = -q + 27. Is q a multiple of 18?
False
Suppose 0 = 3*s + 3*s - 618. Is s a multiple of 4?
False
Let n(s) = -s**3 + 2*s**2 - 1. Let o be n(2). Let h = o - -2. Is (h/2)/(2/64) a multiple of 16?
True
Let s be 1/(-7) + 11767/49. Does 17 divide (3/(-6))/((-2)/s)?
False
Let z = 82 - 34. Is z a multiple of 16?
True
Let x(k) = k**2 + 5*k - 2. Does 6 divide x(2)?
True
Suppose -465 = -3*n + 39. Is 28 a factor of n?
True
Let a(v) = -v - 5. Let t be a(0). Let l(z) = z**3 + 8*z**2 + 4*z - 7. Let m be l(t). Suppose 3*b - 5*c - m = 0, b + c = 2*b - 18. Does 17 divide b?
False
Let p = -105 + 123. Does 11 divide p?
False
Let h(b) = -2*b**3 + 13*b**2 + 2*b + 8. Suppose -5*l + 5*r + 15 = -5, 5*l + 3*r = 36. Is 14 a factor of h(l)?
True
Let j be (20/(-6))/(8/108). Suppose 2*s = -36 - 24. Let a = s - j. Does 8 divide a?
False
Is 26 a factor of 2 - (-3)/(12/376)?
False
Let z = -32 + 52. Let s = z + -4. Is 13 a factor of s?
False
Let q(g) be the first derivative of -g**4/4 - 7*g**3/3 + 3*g**2 - 2*g + 6. Is 7 a factor of q(-8)?
True
Suppose -3*f - 4 = -16. Suppose -6*c + f*c = -106. Is c a multiple of 23?
False
Is (-41)/(-9) + (-96)/(-216) a multiple of 5?
True
Let z(r) = 8*r + 10. Let f(m) = 1. Let u(c) = -44*f(c) + 4*z(c). Let n be u(4). Suppose 0 = x - 4, 0*x + n = 4*t + 2*x. Is 12 a factor of t?
False
Let g = 137 + -12. Suppose 5*o - g = -0*o. Does 16 divide o?
False
Let l(c) = 17*c**3 - c**2 - c + 2. Let k be l(2). Suppose -4*z = -z - k. Is z a multiple of 15?
False
Let d(o) = -2*o**3 + 18*o**2 - 2. Does 18 divide d(8)?
True
Let y(w) = w**3 - 20*w**2 + 20*w + 9. Does 7 divide y(19)?
True
Suppose -2*d = -z - 3*z - 34, -4*z = -4. Is d even?
False
Let k(n) = -n**3 + 3*n**2 + 7*n + 13. Is k(-4) a multiple of 17?
False
Let o = -14 - -53. Does 20 divide o?
False
Suppose 0 = -y + 1. Let i(a) = 3*a**2 + 2*a - 1. Is i(y) a multiple of 4?
True
Suppose -5*f + 25 = 0, -3*f = -2*g - 0*f + 45. Let u = 6 + -4. Suppose 0 = -5*x + t + g, -t = -x - 0*x + u. Is x a multiple of 7?
True
Let b(d) = -14*d**3 + 4*d**2 - 3*d + 4. Let w(q) = 29*q**3 - 9*q**2 + 7*q - 9. Let t(s) = 9*b(s) + 4*w(s). Let h = -4 + 3. Is t(h) a multiple of 9?
True
Suppose 2 = 4*l - 5*l, 5*l = -4*a - 154. Is (0 + -5)*a/20 a multiple of 4?
False
Suppose -174 = -2*s + 5*r, 2*s + 0*r + r = 150. Does 11 divide s?
True
Let a(x) = x**3 - 2*x**2 + 2*x - 2. Let g be a(2). Suppose o + o = -g. Let l(i) = 38*i**2 - 2*i - 1. Does 11 divide l(o)?
False
Let l = 89 + -14. Is 18 a factor of l?
False
Let v(u) = -2*u + 1. Let l be (2/4)/(3/(-12)). Does 5 divide v(l)?
True
Let k(w) = -5*w**3 + 12*w**2 - 12*w - 13. Suppose 3 = 2*a - 5*a. Let d(i) = -i**3 + i**2 - i - 1. Let p(g) = a*k(g) + 4*d(g). Is 16 a factor of p(7)?
True
Let v(z) = -z**2 + 4*z - 2. Let f be v(3). Let i(g) = 5*g + 1. Is i(f) a multiple of 3?
True
Let q(k) = -k**2 + 13*k - 13. Is 3 a factor of q(8)?
True
Let i(t) = t**3 - t**2 - t - 112. Let z be i(0). Is 15 a factor of 15/(-2)*z/35?
False
Suppose -4*p - 4*q + 280 = 0, 4*q = 9*q + 20. Suppose -4*m + 280 = -3*n, -5*m + p = 2*n - 276. Is m a multiple of 16?
False
Let h(m) = 11*m + 109. Is h(2